t is the hundred thousands digit of 1495862713?
8
What is the ten millions digit of 1338143046?
3
What is the tens digit of 251291280?
8
What is the hundred millions digit of 5002741057?
0
What is the tens digit of 1880233431?
3
What is the tens digit of 944757376?
7
What is the ten millions digit of 149948351?
4
What is the thousands digit of 114484347?
4
What is the ten thousands digit of 718779499?
7
What is the units digit of 3327980418?
8
What is the hundred thousands digit of 14036468?
0
What is the hundreds digit of 225119250?
2
What is the tens digit of 364279628?
2
What is the ten millions digit of 6166227226?
6
What is the hundred thousands digit of 834896165?
8
What is the hundred thousands digit of 27392520?
3
What is the hundred millions digit of 435780304?
4
What is the millions digit of 37166611?
7
What is the units digit of 2788990460?
0
What is the millions digit of 80428436?
0
What is the millions digit of 191761352?
1
What is the thousands digit of 6856961451?
1
What is the ten millions digit of 57566432?
5
What is the hundred thousands digit of 1081543663?
5
What is the hundreds digit of 45824356?
3
What is the tens digit of 5294586714?
1
What is the hundreds digit of 62931863?
8
What is the millions digit of 59642545?
9
What is the millions digit of 2947052027?
7
What is the millions digit of 3439475792?
9
What is the hundred thousands digit of 12961020?
9
What is the units digit of 210658501?
1
What is the hundred thousands digit of 69923567?
9
What is the ten millions digit of 2598918967?
9
What is the hundreds digit of 1137263892?
8
What is the hundreds digit of 416549224?
2
What is the hundred millions digit of 643915193?
6
What is the millions digit of 12276331?
2
What is the thousands digit of 391473467?
3
What is the hundreds digit of 47258233?
2
What is the ten millions digit of 48797998?
4
What is the ten millions digit of 91495625?
9
What is the millions digit of 567836799?
7
What is the hundred thousands digit of 7557803?
5
What is the units digit of 114828082?
2
What is the ten millions digit of 174158694?
7
What is the hundred millions digit of 145128886?
1
What is the ten millions digit of 37139238?
3
What is the hundreds digit of 135546814?
8
What is the ten thousands digit of 2020271?
2
What is the hundred thousands digit of 1649313991?
3
What is the tens digit of 61936535?
3
What is the hundred millions digit of 886870464?
8
What is the units digit of 51245668?
8
What is the ten thousands digit of 109073355?
7
What is the tens digit of 1745996037?
3
What is the ten thousands digit of 72636915?
3
What is the millions digit of 71326998?
1
What is the ten millions digit of 1176882493?
7
What is the ten thousands digit of 342489064?
8
What is the ten millions digit of 251337459?
5
What is the hundreds digit of 287808073?
0
What is the hundred thousands digit of 466025482?
0
What is the ten millions digit of 191050183?
9
What is the thousands digit of 8775816000?
6
What is the thousands digit of 530264197?
4
What is the millions digit of 236571808?
6
What is the thousands digit of 17368125?
8
What is the hundred thousands digit of 35173208?
1
What is the hundred millions digit of 558165906?
5
What is the hundred thousands digit of 3412315?
4
What is the hundreds digit of 10097910?
9
What is the ten thousands digit of 16337341?
3
What is the hundred thousands digit of 246228542?
2
What is the hundred thousands digit of 87450573?
4
What is the millions digit of 504803877?
4
What is the ten millions digit of 945038188?
4
What is the hundred millions digit of 465406734?
4
What is the billions digit of 2371127597?
2
What is the ten thousands digit of 149195691?
9
What is the millions digit of 957776206?
7
What is the hundred thousands digit of 123829574?
8
What is the thousands digit of 3440442746?
2
What is the ten millions digit of 4872818853?
7
What is the hundred thousands digit of 1414567570?
5
What is the units digit of 227969678?
8
What is the tens digit of 21787291?
9
What is the hundred millions digit of 128759469?
1
What is the units digit of 133120075?
5
What is the units digit of 765975955?
5
What is the units digit of 90585599?
9
What is the units digit of 132843647?
7
What is the hundred thousands digit of 422051879?
0
What is the thousands digit of 81045840?
5
What is the units digit of 90922276?
6
What is the ten thousands digit of 13645893?
4
What is the ten thousands digit of 5216240089?
4
What is the units digit of 31509330?
0
What is the thousands digit of 309461501?
1
What is the hundred thousands digit of 40637005?
6
What is the thousands digit of 77242303?
2
What is the millions digit of 2689291331?
9
What is the thousands digit of 1776729000?
9
What is the billions digit of 2180137200?
2
What is the hundred thousands digit of 65006753?
0
What is the ten thousands digit of 5783023?
8
What is the ten millions digit of 185675136?
8
What is the thousands digit of 1165739757?
9
What is the billions digit of 2935122641?
2
What is the thousands digit of 3145946606?
6
What is the units digit of 7673215?
5
What is the millions digit of 196080563?
6
What is the tens digit of 874660460?
6
What is the ten millions digit of 199427408?
9
What is the hundred thousands digit of 1649895919?
8
What is the thousands digit of 108768702?
8
What is the units digit of 1224637907?
7
What is the hundred thousands digit of 581834818?
8
What is the millions digit of 585655591?
5
What is the ten thousands digit of 326003341?
0
What is the hundred millions digit of 379551032?
3
What is the hundred millions digit of 5845838311?
8
What is the thousands digit of 5433922513?
2
What is the billions digit of 4496009850?
4
What is the hundreds digit of 114034925?
9
What is the thousands digit of 163159105?
9
What is the hundreds digit of 41716395?
3
What is the hundreds digit of 333912826?
8
What is the hundred thousands digit of 6183767?
1
What is the ten millions digit of 48424884?
4
What is the hundred millions digit of 201692746?
2
What is the hundred millions digit of 399836883?
3
What is the thousands digit of 216634525?
4
What is the hundred millions digit of 739016765?
7
What is the hundred millions digit of 1951926131?
9
What is the millions digit of 40414636?
0
What is the millions digit of 848058728?
8
What is the thousands digit of 2917025?
7
What is the thousands digit of 1423032601?
2
What is the thousands digit of 447007556?
7
What is the hundred thousands digit of 1081663583?
6
What is the ten thousands digit of 473954960?
5
What is the hundred thousands digit of 349589298?
5
What is the hundred thousands digit of 48600493?
6
What is the millions digit of 28703042?
8
What is the units digit of 30486229?
9
What is the hundred millions digit of 378851827?
3
What is the ten millions digit of 159531787?
5
What is the hundred millions digit of 136830505?
1
What is the hundreds digit of 239631389?
3
What is the hundreds digit of 944908050?
0
What is the thousands digit of 12771437?
1
What is the units digit of 861213403?
3
What is the ten thousands digit of 430979743?
7
What is the tens digit of 335678178?
7
What is the tens digit of 78995841?
4
What is the ten millions digit of 276471201?
7
What is the hundreds digit of 23611212?
2
What is the units digit of 80050237?
7
What is the millions digit of 134629037?
4
What is the ten millions digit of 268425650?
6
What is the hundreds digit of 717878119?
1
What is the thousands digit of 85457414?
7
What is the ten millions digit of 608793406?
0
What is the hundreds digit of 253597373?
3
What is the millions digit of 37223253?
7
What is the ten millions digit of 2654494770?
5
What is the ten millions digit of 458720197?
5
What is the ten millions digit of 4611912548?
1
What is the billions digit of 1298629608?
1
What is the thousands digit of 134517232?
7
What is the ten millions digit of 1901168774?
0
What is the ten thousands digit of 18592944?
9
What is the hundred thousands digit of 75902569?
9
What is the hundred millions digit of 122167188?
1
What is the ten thousands digit of 18937460?
3
What is the hundred millions digit of 744727797?
7
What is the tens digit of 148342279?
7
What is the thousands digit of 207412986?
2
What is the units digit of 268725500?
0
Wha